{"id":2133,"date":"2021-11-05T12:48:58","date_gmt":"2021-11-05T12:48:58","guid":{"rendered":"https:\/\/erkanpartners.com\/?page_id=2133"},"modified":"2023-09-27T14:42:49","modified_gmt":"2023-09-27T14:42:49","slug":"makalelerimiz","status":"publish","type":"page","link":"https:\/\/erkanpartners.com\/?page_id=2133","title":{"rendered":"Makalelerimiz"},"content":{"rendered":"\t\t<div data-elementor-type=\"wp-page\" data-elementor-id=\"2133\" class=\"elementor elementor-2133\">\n\t\t\t\t\t\t<section class=\"elementor-section elementor-top-section elementor-element elementor-element-507d98c elementor-section-boxed elementor-section-height-default elementor-section-height-default\" data-id=\"507d98c\" data-element_type=\"section\" data-e-type=\"section\" data-settings=\"{&quot;background_background&quot;:&quot;gradient&quot;}\">\n\t\t\t\t\t\t\t<div class=\"elementor-background-overlay\"><\/div>\n\t\t\t\t\t\t\t<div class=\"elementor-container elementor-column-gap-default\">\n\t\t\t\t\t<div class=\"elementor-column elementor-col-100 elementor-top-column elementor-element elementor-element-235476f\" data-id=\"235476f\" data-element_type=\"column\" data-e-type=\"column\">\n\t\t\t<div class=\"elementor-widget-wrap elementor-element-populated\">\n\t\t\t\t\t\t<div class=\"elementor-element elementor-element-1d06fad elementor-widget elementor-widget-heading\" data-id=\"1d06fad\" data-element_type=\"widget\" data-e-type=\"widget\" data-widget_type=\"heading.default\">\n\t\t\t\t<div class=\"elementor-widget-container\">\n\t\t\t\t\t<h2 class=\"elementor-heading-title elementor-size-default\">Makalelerimiz<\/h2>\t\t\t\t<\/div>\n\t\t\t\t<\/div>\n\t\t\t\t\t<\/div>\n\t\t<\/div>\n\t\t\t\t\t<\/div>\n\t\t<\/section>\n\t\t\t\t<section class=\"elementor-section elementor-top-section elementor-element elementor-element-77b9620 elementor-section-boxed elementor-section-height-default elementor-section-height-default\" data-id=\"77b9620\" data-element_type=\"section\" data-e-type=\"section\">\n\t\t\t\t\t\t<div class=\"elementor-container elementor-column-gap-default\">\n\t\t\t\t\t<div class=\"elementor-column elementor-col-100 elementor-top-column elementor-element elementor-element-cbd5ce6\" data-id=\"cbd5ce6\" data-element_type=\"column\" data-e-type=\"column\">\n\t\t\t<div class=\"elementor-widget-wrap elementor-element-populated\">\n\t\t\t\t\t\t<div class=\"elementor-element elementor-element-ad7933b elementor-invisible elementor-widget elementor-widget-text-editor\" data-id=\"ad7933b\" data-element_type=\"widget\" data-e-type=\"widget\" data-settings=\"{&quot;_animation&quot;:&quot;fadeIn&quot;}\" data-widget_type=\"text-editor.default\">\n\t\t\t\t<div class=\"elementor-widget-container\">\n\t\t\t\t\t\t\t\t\t<ul><li><a href=\"https:\/\/dergipark.org.tr\/tr\/download\/article-file\/2843689\"><strong>T\u00fcrk Ticaret Kanunu Kapsam\u0131nda H\u00e2kimiyet S\u00f6zle\u015fmesinden <\/strong><strong>Do\u011fan Sorumlulu\u011fa Uygulanacak Hukuk ve T\u00fcrk Mahkemelerinin <\/strong><strong>Milletleraras\u0131 Yetkisi (<\/strong><strong>The International Jurisdiction of Turkish Courts and Applicable Law to <\/strong><strong>the Contractual Responsibility Arising from Domination Agreement <\/strong><strong>within the Scope of the Turkish Commercial Code) Marmara \u00dcniversitesi Hukuk Fak\u00fcltesi Hukuk Ara\u015ft\u0131rmalar\u0131 Dergisi, <\/strong><span style=\"color: #000000;\">Cilt: 29, Say\u0131: 1, 2023, Sayfa: 334-361 (\u015eule Arslan ile birlikte).<\/span><\/a><\/li><li><span style=\"color: #333333;\"><a style=\"color: #333333;\" href=\"https:\/\/jurix.com.tr\/article\/18929\"><strong>T\u00fcrk Vatanda\u015fl\u0131\u011f\u0131 Kanununun Uygulanmas\u0131na \u0130li\u015fkin Y\u00f6netmeli\u011fin 72\/5. Maddesinin Kanunilik ilkesi ve H\u00fckm\u00fcn A\u00e7\u0131klanmas\u0131n\u0131n Geri B\u0131rak\u0131lmas\u0131 Ba\u011flam\u0131nda De\u011ferlendirilmesi <em>(Examining the Article 72\/5 of the Regulation on the Implementation of the Turkish Citizenship Law in the Context of the Principle of Legality and Deferment of the Announcement of the Verdict)<\/em><\/strong>, Bah\u00e7e\u015fehir \u00dcniversitesi Hukuk Fak\u00fcltesi Dergisi, Cilt: 14, Say\u0131: 175 &#8211; 176, Mart &#8211; Nisan 2019, Sayfa: 329-356.<\/a><\/span><br \/><hr \/><\/li><li><span style=\"color: #333333;\"><a style=\"color: #333333;\" href=\"https:\/\/dergipark.org.tr\/en\/download\/article-file\/791354\"><strong>T\u00fcrk Vatanda\u015fl\u0131\u011f\u0131 Kanununda 7039 Say\u0131l\u0131 Kanun ile Yap\u0131lan De\u011fi\u015fikliklerin \u0130ncelenmesi <em>(Examining of the Changes in the Turkish Citizenship Law Through Law Number 7039)<\/em><\/strong>, Public and Private International Law Bulletin, Cilt: 39, Say\u0131: 2, 2019, Sayfa: 415-446.<\/a><\/span><br \/><hr \/><\/li><li><span style=\"color: #333333;\"><a style=\"color: #333333;\" href=\"https:\/\/www.uludag.edu.tr\/dosyalar\/iibfdergi\/genel-dokuman\/2018_2\/asl%2010.pdf\"><strong>Uluslararas\u0131 Koruma Ba\u015fvuru Sahipleri, Uluslararas\u0131 Koruma Ve Ge\u00e7ici Koruma Stat\u00fcs\u00fc Sahiplerinin \u0130\u015f Piyasas\u0131na Eri\u015fiminin De\u011ferlendirilmesi <em>(Evaluat\u0131on of Access to Labour Market by Internat\u0131onal Protect\u0131on Appl\u0131cants, Internat\u0131onal Protect\u0131on and Temporary Protect\u0131on Status Holders)<\/em><\/strong>, Uluda\u011f \u00dcniversitesi \u0130ktisadi ve \u0130dari Bilimler Dergisi, Cilt: 37, Say\u0131: 2, 2018, Sayfa: 221-247.<\/a><\/span><br \/><hr \/><\/li><li><span style=\"color: #333333;\"><a style=\"color: #333333;\" href=\"https:\/\/avesis.marmara.edu.tr\/publication\/details\/10592564-e87d-4fe5-850f-5101a7971d13\/istanbul-tahkim-merkezi-kanunu-ve-turkiye-de-tahkim-kulturunun-olusmasinda-mahkemelerin-katkisi\"><strong>\u0130stanbul Tahkim Merkezi Kanunu ve T\u00fcrkiye de Tahkim K\u00fclt\u00fcr\u00fcn\u00fcn Olu\u015fmas\u0131nda Mahkemelerin Katk\u0131s\u0131 <em>(Istanbul Arbitration Center Law and Contribution of Courts in the Formation of Arbitration Culture in Turkey)<\/em><\/strong>, \u0130stanbul Anadolu Adliyesi Dergisi, 2015.<\/a><\/span><br \/><hr \/><\/li><li><span style=\"color: #333333;\"><a style=\"color: #333333;\" href=\"https:\/\/dergipark.org.tr\/tr\/download\/article-file\/208199\"><strong>\u00dclke Derecelendirmesinin Ekonomik Kamu D\u00fczeni \u00dczerindeki Etkisi <em>(The Impact of Country Rating on the Economic Public Order)<\/em><\/strong>, \u0130n\u00f6n\u00fc \u00dcniversitesi Hukuk Fak\u00fcltesi Dergisi, Cilt: 1, Say\u0131: 1, Sayfa: 107-130 (Mustafa Demiro\u011flu ile birlikte).<\/a><\/span><br \/><hr \/><\/li><li><span style=\"color: #333333;\"><a style=\"color: #333333;\" href=\"https:\/\/webftp.gazi.edu.tr\/hukuk\/dergi\/17_1-2_17.pdf\"><strong>Tahkim \u015eart\u0131n\u0131n Ayr\u0131labilirli\u011fi Prensibinin As\u0131l S\u00f6zle\u015fmenin Yoklu\u011fu Durumunda De\u011ferlendirilmesi <em>(The Doctrine of Separability in International Arbitration: Where the Non-Existence of the Contracts is Alleged)<\/em><\/strong>, Gazi \u00dcniversitesi Hukuk Fak\u00fcltesi Dergisi, Cilt: 17, Say\u0131: 1-2, 2013, Sayfa: 535-562<\/a><\/span><br \/><hr \/><\/li><li><span style=\"color: #333333;\"><a style=\"color: #333333;\" href=\"https:\/\/avesis.marmara.edu.tr\/publication\/details\/6103fe59-3f6a-4ba5-8273-fbbcc93788fb\/exclusive-jurisdiction-over-immovable-property-within-common-law-practice\"><strong>Ta\u015f\u0131nmaz\u0131n Bulundu\u011fu Yer Mahkemesinin M\u00fcnhas\u0131r Yetkisinin Common Law Hukuk Sisteminde \u0130ncelenmesi <em>(Exclusive Jurisdiction Over Immovable Property Within Common Law Practice)<\/em><\/strong>, Legal Hukuk Dergisi, Cilt: 11, Say\u0131: 124, 2013, Sayfa: 23-41 (Reyhan Asat ile birlikte).<\/a><\/span><br \/><hr \/><\/li><li><span style=\"color: #333333;\"><a style=\"color: #333333;\" href=\"http:\/\/dosya.marmara.edu.tr\/huk\/fak%C3%BCltedergisi\/2012C.18.S.2\/16.oturum.pdf\"><strong>Kambiyo Senetlerinin \u015eekil Bak\u0131m\u0131ndan Ge\u00e7erlili\u011fine Uygulanacak Hukuk: Tamamlay\u0131c\u0131 Kuralda Vatanda\u015fl\u0131k Fakt\u00f6r\u00fc <\/strong><strong><em>(The Law Applicable to the Form in the Terms of Validity of Bills of Exchange: Citizenship Factor in the Complementary Rule), <\/em><\/strong>Marmara \u00dcniversitesi Hukuk Fak\u00fcltesi Hukuk Ara\u015ft\u0131rmalar\u0131 Dergisi, Cilt: 18, Say\u0131: 2, 2012, Sayfa: 752-768.<\/a><\/span><br \/><hr \/><\/li><li><span style=\"color: #333333;\"><a style=\"color: #333333;\" href=\"https:\/\/dergipark.org.tr\/en\/download\/article-file\/262763\"><em><strong>Bir Tabu: Ta\u015f\u0131nmaz\u0131n Ayn\u0131na \u0130li\u015fkin Davalarda M\u00fcnhas\u0131r Yetki (A Taboo: Exclusive Jurisdiction over Immovable Property)<\/strong><\/em>, Sel\u00e7uk \u00dcniversitesi Hukuk Fak\u00fcltesi Dergisi, Cilt: 20, Say\u0131: 1, 2012, Sayfa: 11-51.<\/a><\/span><br \/><hr \/><\/li><li><span style=\"color: #333333;\"><a style=\"color: #333333;\" href=\"https:\/\/dergipark.org.tr\/tr\/download\/article-file\/208241\"><em><strong>T\u00fcrkiye\u2019ye Verilen Derecelendirme Notlar\u0131n\u0131n Do\u011frudan Yabanc\u0131 Yat\u0131r\u0131m Giri\u015fine Etkisinin Y\u0131llar \u0130tibariyle \u0130ncelenmesi (Examining The Effect of The Credit Ratings Reported on Creditworthiness of Turkey on Flow of Foreign Direct Investment Year by Year)<\/strong><\/em><strong>, <\/strong>\u0130n\u00f6n\u00fc \u00dcniversitesi Hukuk Fak\u00fcltesi Dergisi, Cilt: 2, Say\u0131: 1, 2011, Sayfa: 209-237 (Mustafa Ya\u015far Demircio\u011flu ile birlikte).<\/a><\/span><br \/><hr \/><\/li><li><span style=\"color: #333333;\"><a style=\"color: #333333;\" href=\"https:\/\/webftp.gazi.edu.tr\/hukuk\/dergi\/15_2_3.pdf\"><strong>M\u00d6HUK Madde 31 Ba\u011flam\u0131nda T\u00fcrk Hukukunda Do\u011frudan Uygulanan Kurallara Bak\u0131\u015f\u00a0<em>(An Overview of Mandatory Rules in Turkish Law Within the Framework of Article 31 of the Code on Private International Law and Civil Procedure)<\/em><\/strong>, Gazi \u00dcniversitesi Hukuk Fak\u00fcltesi Dergisi, Cilt: 15, Say\u0131: 2, 2011, Sayfa: 81-121.<\/a><\/span><br \/><hr \/><\/li><li><span style=\"color: #333333;\"><a style=\"color: #333333;\" href=\"https:\/\/avesis.marmara.edu.tr\/publication\/details\/e245fb63-e1ad-4898-914c-e07eedb57bac\/rules-of-engagement-roe-in-peace-operations\"><strong>Rules of Engagement (ROE) in Peace Operations<\/strong>, NRDC-T JOURNAL, Say\u0131: 15, 2010, Sayfa: 34-35.<\/a><\/span><\/li><\/ul>\t\t\t\t\t\t\t\t<\/div>\n\t\t\t\t<\/div>\n\t\t\t\t\t<\/div>\n\t\t<\/div>\n\t\t\t\t\t<\/div>\n\t\t<\/section>\n\t\t\t\t<\/div>\n\t\t","protected":false},"excerpt":{"rendered":"<p>Makalelerimiz T\u00fcrk Ticaret Kanunu Kapsam\u0131nda H\u00e2kimiyet S\u00f6zle\u015fmesinden Do\u011fan Sorumlulu\u011fa Uygulanacak Hukuk ve T\u00fcrk Mahkemelerinin Milletleraras\u0131 Yetkisi (The International Jurisdiction of Turkish Courts and Applicable Law to the Contractual Responsibility Arising from Domination Agreement within the Scope of the Turkish Commercial Code) Marmara \u00dcniversitesi Hukuk Fak\u00fcltesi Hukuk Ara\u015ft\u0131rmalar\u0131 Dergisi, Cilt: 29, Say\u0131: 1, 2023, Sayfa: 334-361 &hellip;<\/p>\n<p class=\"read-more\"> <a class=\"\" href=\"https:\/\/erkanpartners.com\/?page_id=2133\"> <span class=\"screen-reader-text\">Makalelerimiz<\/span> Devam\u0131 &raquo;<\/a><\/p>\n","protected":false},"author":1,"featured_media":0,"parent":2131,"menu_order":0,"comment_status":"closed","ping_status":"closed","template":"","meta":{"site-sidebar-layout":"no-sidebar","site-content-layout":"page-builder","ast-global-header-display":"","ast-main-header-display":"","ast-hfb-above-header-display":"","ast-hfb-below-header-display":"","ast-hfb-mobile-header-display":"","site-post-title":"disabled","ast-breadcrumbs-content":"","ast-featured-img":"disabled","footer-sml-layout":"","theme-transparent-header-meta":"","adv-header-id-meta":"","stick-header-meta":"","header-above-stick-meta":"","header-main-stick-meta":"","header-below-stick-meta":"","footnotes":""},"class_list":["post-2133","page","type-page","status-publish","hentry"],"_links":{"self":[{"href":"https:\/\/erkanpartners.com\/index.php?rest_route=\/wp\/v2\/pages\/2133","targetHints":{"allow":["GET"]}}],"collection":[{"href":"https:\/\/erkanpartners.com\/index.php?rest_route=\/wp\/v2\/pages"}],"about":[{"href":"https:\/\/erkanpartners.com\/index.php?rest_route=\/wp\/v2\/types\/page"}],"author":[{"embeddable":true,"href":"https:\/\/erkanpartners.com\/index.php?rest_route=\/wp\/v2\/users\/1"}],"replies":[{"embeddable":true,"href":"https:\/\/erkanpartners.com\/index.php?rest_route=%2Fwp%2Fv2%2Fcomments&post=2133"}],"version-history":[{"count":37,"href":"https:\/\/erkanpartners.com\/index.php?rest_route=\/wp\/v2\/pages\/2133\/revisions"}],"predecessor-version":[{"id":2539,"href":"https:\/\/erkanpartners.com\/index.php?rest_route=\/wp\/v2\/pages\/2133\/revisions\/2539"}],"up":[{"embeddable":true,"href":"https:\/\/erkanpartners.com\/index.php?rest_route=\/wp\/v2\/pages\/2131"}],"wp:attachment":[{"href":"https:\/\/erkanpartners.com\/index.php?rest_route=%2Fwp%2Fv2%2Fmedia&parent=2133"}],"curies":[{"name":"wp","href":"https:\/\/api.w.org\/{rel}","templated":true}]}}